19*r**2 + 16*r - 19. Let j(o) = -8*o**2 + 8*o - 9. Let q(v) = 5*j(v) - 2*u(v). Calculate q(6).
-31
Suppose a = -4*a - 5. Let r(m) = 3*m + m**3 + 1 + 8*m - 11*m. What is r(a)?
0
Let c be ((-65)/(-20))/((-2)/8). Let l = c + 19. Let o(z) = -6*z + 11*z - 1 - 3*z. Give o(l).
11
Let c(l) be the first derivative of l**3/3 + 7*l**2 - 17*l + 411. Determine c(-15).
-2
Suppose -20 = 17*j - 22*j. Let f(v) = -4 + 6 - 2*v**3 - j*v**2 + 2*v + v**3 + 3. Give f(-4).
-3
Let i(q) be the second derivative of 0 + 4*q - 1/120*q**5 + 0*q**2 + 1/12*q**4 + 7/6*q**3. Let j(t) be the second derivative of i(t). Determine j(5).
-3
Suppose -2 = -n + 4*g + 8, 3*n - 3*g = 12. Let u(o) be the second derivative of -o**4/24 - 6*o**2 - 2*o. Let z(c) be the first derivative of u(c). What is z(n)?
-2
Let z(c) = -2*c + 12. Let h be z(6). Suppose h*d = 4*d + 4. Let o(q) be the first derivative of 3*q**4 - q**3/3 - q**2/2 - 3. Calculate o(d).
-12
Let n be 40/22 + (-28)/(-154). Let u(w) = -3*w - 3 + 5*w - 5*w + w**n. Calculate u(5).
7
Suppose -5 = 17*z + 29. Let l be (-1)/(z/(-5 + 9)). Let q(f) = 3*f**3 - 4*f**2 + 4*f - 2. What is q(l)?
14
Let y(t) = t**2 - 6*t - 8. Let j be y(6). Let v(z) = -5 - 29*z**2 - 10*z - 2 + 70*z**2 - 20*z**2 - 22*z**2. Give v(j).
9
Let a(j) = -12*j**3 + j - 1. Let m(b) = b - 8. Let k be m(-5). Let r = -12 - k. Calculate a(r).
-12
Let w be (-9)/15 - (-6)/(-15). Let g be (w - -3)*(-26)/(-4). Let l = 15 - g. Let c(o) = 3*o. Calculate c(l).
6
Let n(s) = 17*s - s**2 + s**3 + 22*s**2 - 30*s**2 - 7. Give n(7).
14
Let i = -972 - -969. Let f(p) = 3*p + 9. Calculate f(i).
0
Let b(z) = -z**2 - 5*z + 1. Suppose n - 3*k - 7 = 0, -2*k + 14 = 2*n - 0*n. Let w be n/(0 + (-2)/2). Let o = -11 - w. Calculate b(o).
5
Let w(h) be the first derivative of -5 - 1/2*h**2 + h. Let b(v) = -v - 5. Let q be b(-6). What is w(q)?
0
Let u(i) = -2*i - 4*i - 2*i + 2*i - 1. Let d = -43 - -24. Let v be (0 - 2) + (d - -19). Calculate u(v).
11
Let v(n) be the first derivative of n**2/2 - 82. Give v(2).
2
Let w(g) = 2*g**2 + 3*g - 1. Let y(b) = b**2 - 24*b - 56. Let h be y(26). What is w(h)?
19
Let m(j) be the first derivative of j**3/3 - 3*j**2/2 - j - 477. Suppose 4 = 2*s + o + 1, -2*s + 4*o + 18 = 0. Give m(s).
-1
Suppose -30*x + 29*x = 0. Suppose 0 = -5*m - 4*b, -5*b = 2*m - x*m. Let w(c) = c + 17. Give w(m).
17
Let y(x) be the first derivative of -x**4/12 - 2*x**2 - 10. Let r(g) be the second derivative of y(g). What is r(4)?
-8
Let t be 2/(1 - (-27)/(-18)). Let r(k) = -k**3 - 4*k**2 + 2*k + 5. What is r(t)?
-3
Let g(r) = -r**3 - 6*r**2 - 4*r + 10. Let w be (91/(-28) + 2)*4. Give g(w).
5
Let d(b) = -132*b**2 + 8 - 1 + 129*b**2 - b - 1. Let j(c) = -c**2 + 3. Suppose -5*h - 4 = -4*z - 5, 8 = -2*z. Let n(w) = h*d(w) + 7*j(w). Give n(-3).
12
Let o(j) = -979*j**2 + 2 + 980*j**2 + 2 - 6*j + 0. Determine o(5).
-1
Let o(c) = 4*c + 25. Let v be o(-6). Let f(x) = -29*x. What is f(v)?
-29
Suppose -4*j = -9*j + 10, -d + 3*j - 12 = 0. Let w(k) = k**3 + 6*k**2 - k - 1. Determine w(d).
5
Suppose 1 = 2*s + 11. Let x(i) = -i**2 - 8*i - 5. Let u be x(-7). Let w(y) = -2*y + 5 - y**2 - 2 - u*y. Calculate w(s).
-2
Let q(x) = -5*x + 15. Let h(s) be the third derivative of s**4/24 - 2*s**3/3 + 5*s**2. Let g(z) = -9*h(z) - 2*q(z). Let a be (1/2*0)/(-1). What is g(a)?
6
Let g(n) = 2*n - 3. Let p(z) = z**2 - z - 12. Let f be p(3). Determine g(f).
-15
Let p(u) = 5 + 0 - 2*u + 5*u - 4 + 3*u. Determine p(1).
7
Let y(x) = x**2 + 6*x + 12. Let v be y(-4). Suppose 5*q - 5*z = 5, v*z - 7*z = -9. Let j(g) be the third derivative of -g**4/24 - g**2. Calculate j(q).
-4
Let x be (-2)/(-9) - 14/(-18). Let u(n) = 4 + x + n - 2. Let y be (1 - -2)/(-6 + 162/30). Calculate u(y).
-2
Let o(f) = -f**3 + 16*f**2 - 15*f + 5. Suppose -375 = -6*s - 19*s. What is o(s)?
5
Let m(x) be the third derivative of x**4/8 - x**3 + 4*x**2. Let v(q) = -q**2 - 9*q - 6. Let n be v(-4). Suppose 2 = 4*i - n. Determine m(i).
6
Let u(f) = -f**2 + 4*f. Suppose 4*c - 61 - 67 = 0. Let k = c - 27. Suppose -5*o + 4*o = -k. Calculate u(o).
-5
Let u(a) be the first derivative of a**3/3 + 10*a - 60. Give u(0).
10
Suppose 13*g = -g + 154. Suppose -g = 5*b + 19. Let z(s) = -s**3 - 6*s**2 - 2*s - 8. Give z(b).
4
Let u(g) = -g**3 + 6*g**2 - 6*g - 1. Let l be u(2). Let m(f) = f + 3. Determine m(l).
6
Let c(h) = h**2 + 4*h - 3. Let f be c(-5). Let g(y) = 7*y**2 - y + 2. Let d(k) = 3*k**2 + 1. Let n(a) = f*g(a) - 5*d(a). What is n(-4)?
-9
Let v = 7 + -5. Let s(u) = -2. Let y(d) = -2. Let q(c) = -4*s(c) + 3*y(c). Let a(g) = g - 5. Let x(n) = 3*a(n) + 7*q(n). Give x(v).
5
Suppose -72*x + 86 = -70*x. Let t(g) = -16*g + x + 17*g - 41. Give t(-7).
-5
Let y be (5 - 1) + -5 + (-7 - 4). Let n(k) = -k**3 - 11*k**2 + 13*k + 9. Give n(y).
-3
Let k = 2389 - 2391. Let n(m) = -m**3 - 2*m**2 - 4*m - 2. Determine n(k).
6
Let h(n) be the first derivative of -n**5/20 - n**4/2 + 4*n**3/3 + 2*n**2 - 6*n - 6. Let j(o) be the first derivative of h(o). What is j(-7)?
-3
Suppose -2*m = 4*u - 8, -2*u = 2*u - 5*m - 36. Let f(z) = -1 - 2 + z - 2*z - u. Let b be f(-7). Let c(i) = -i**3 + i**2 + i - 1. Give c(b).
-1
Let z(h) be the second derivative of -h**7/2520 + 11*h**6/720 - 3*h**5/40 - h**4/12 - 7*h. Let f(o) be the third derivative of z(o). What is f(10)?
1
Let d be 24/3*3/6. Let p(h) = h**2 + h + 2. Suppose 3*c = 6*c + 9. Let j(g) = 2*g**2 + 1. Let y(r) = c*j(r) + d*p(r). Give y(4).
-11
Let y(j) = -37*j - 16. Let p(f) = -51*f - 17. Let w(k) = -2*p(k) + 3*y(k). What is w(-2)?
4
Let s(m) = 2*m**3 - 28*m**2 + 24*m + 25. Let c be s(13). Let z(l) = 6*l**2 - 6*l - 5. What is z(c)?
7
Let p(y) = -y**2 + 7*y + 22. Let k be 20/(132/(-176) + 22/8). What is p(k)?
-8
Let z(p) = -24*p**3 + 2*p**2 - 2*p + 1. Suppose 3*v = 23*v - 20. Give z(v).
-23
Let h(j) be the third derivative of 1/6*j**3 + 0 + 0*j - 1/24*j**4 - 5*j**2. Let p(z) = z - 1. Let f be p(1). Give h(f).
1
Let l(j) be the third derivative of j**4/8 - j**3/3 + 9*j**2. Let t be l(-8). Let w = 27 + t. Let x(o) = -o**3 + o**2 - 1. Give x(w).
-1
Let s(l) = -160 - 3*l + 88 - l**2 + 101 + 6*l. What is s(6)?
11
Let n(f) = f**3 - f**2 + f - 12. Let g(d) = -12*d - 36. Let l be g(-4). Suppose 17*y = l*y. Give n(y).
-12
Let w(z) = z**2 - z - 2. Suppose -2*h = 4*m + 46 - 10, 9 = m - 4*h. Let k(o) = -3*o**2 + 3*o + 5. Let q(f) = m*w(f) - 3*k(f). Determine q(-1).
3
Let i(n) = 3*n**3 + 4*n**2 + n - 2. Let y(z) be the first derivative of -z**3/3 + 5*z**2/2 + 8*z + 5. Let c be y(6). Suppose -3*g = -4*g - c. Determine i(g).
-12
Let o(w) be the first derivative of 4*w + 1/4*w**4 + 5/2*w**2 - 5 - 2*w**3. What is o(4)?
-8
Let v(u) = -2*u**3 + 2*u**2 + 2*u - 1. Let n be (-4)/(-7)*(-63)/(-18). Give v(n).
-5
Let b(s) = -19 - 2*s + 9 + 0*s - 5*s + 8. Calculate b(-4).
26
Let z(c) = 2*c - 2. Let p(v) = -11*v + 18. Let k(x) = p(x) + 5*z(x). Calculate k(3).
5
Let p(b) = 3*b + 15. Let v be -11 + 3/(-2 - (-6 - -1)). Calculate p(v).
-15
Let a(f) = -f**3 + 4*f**2 - 4*f + 1. Let c(j) = j**3 - 11*j - 17. Let x be c(4). Give a(x).
-2
Let s(i) = i**2 - 9*i + 5. Let q be 0/(-6 + 3) - (-9 - -5). Let m(f) = -4*f**2 - 4*f + 3*f**2 + 6 + 2*f**2. Let o be m(q). Determine s(o).
-13
Let c(v) = 8*v + 64. Suppose 10*t - 656 = 92*t. Give c(t).
0
Suppose 3*z = 4*z + 4. Let a(n) be the first derivative of n**2/2 + 4*n - 3832. What is a(z)?
0
Let o(q) = -q**2 - 9*q - 13. Let j be o(-6). Let m(i) = -6 + 6 + 4 + j*i + 0. Give m(-3).
-11
Let b(s) = 28 - 80*s - 87*s + 166*s. Let u be b(26). Let p(t) = -t + 4. What is p(u)?
2
Let s be (-10)/4*(-10)/25. Let u(v) = v**2 - v. Let b(i) = -i**2 - 3*i - 8. Let j(l) = s*b(l) + 2*u(l). Calculate j(6).
-2
Let d(r) = -2*r**2 - 2*r + 3. Let k(x) = -x**3 - 15*x**2 + 3. Let s be k(-15). Suppose 18 = -3*o - y + 5, s*y = -3*o - 21. Calculate d(o).
-9
Let m(g) = -g**2 - 2*g + 3. Let y be m(-4). Let p be ((-6)/(-4))/(2/4). Let c(l) = 5*l + 0 + l**2 - 1 - 1 + p. Determine c(y).
1
Let u = -31 - -43. Let k(w) = w**2 - 12*w - 4. Let p be k(u). Let x(o) = 2*o + 4. Let g be x(p). Let i(v) = v**2 + 6*v + 6. Give i(g).
-2
Let h be 2 + -1 + 2 + 0. Let l be (-24)/(-10) + (-3)/(-5). Let u(p) = -2*p - 6*p**h + p**2 + 2*p**2 + 2*p**l - 5*p**2 - 1. Give u(-1).
3
Suppose 6*z = 3*z + 12. Suppose -2*k = 5*o - 29, 2*o + 3*o - 19 = 3*k. Let y(g) = -g**3 - 192*g + 4*g**k + 6 + g**2 +